be the first derivative of -f**2/2 - 2*f - 9. Give j(-4).
2
Let k(g) = -g**2 + 3*g + 4. Suppose 0 = 3*u - 5*d - 9, -3*d - 9 = -4*u + u. Give k(u).
4
Let j(o) = o**3 - 7*o**2 - 9*o + 10. Let z be j(8). Let p(v) be the first derivative of -4*v - 1/2*v**2 + z. Calculate p(3).
-7
Let o be ((-20)/30)/(4/(-30)). Let d = 0 + o. Let f(t) = -3*t + 4. What is f(d)?
-11
Let r(y) be the second derivative of -y**5/20 + 5*y**4/12 - y**3/6 - 3*y**2/2 + y. Let f be 33/6 + -3 - 3/(-6). Calculate r(f).
12
Let a = 14 + -13. Let b(y) = 0*y**2 + 3*y - a + y + y**2 - 3. Determine b(-4).
-4
Let x(b) = b**3 - 7*b**2 + 6*b + 6. Let r = 8 - 2. Determine x(r).
6
Let l(j) = 2*j**2 - 5*j - 1. Let f(d) = -5*d**2 + 11*d + 2. Let m(s) = -3*f(s) - 7*l(s). Suppose 3 = -2*p - p. Give m(p).
0
Let c(a) be the first derivative of -a**7/840 - a**6/120 + a**5/60 + a**4/12 - 2*a**3 - 1. Let g(w) be the third derivative of c(w). Calculate g(-3).
-4
Let x(c) = -3*c - 2. Suppose -19 = -2*i - 27. Calculate x(i).
10
Let b(a) = -3*a - 131 + a**2 + 258 - 131 - a. Let d(i) = i**2 - 6*i + 4. Let z be d(6). What is b(z)?
-4
Let t = -2 - 4. Let g(c) = -3*c**2 + 3*c. Let a(i) = -3*i**2 + 4*i. Let o(f) = t*g(f) + 5*a(f). Let u be -4*(-3)/(-18)*3. Give o(u).
8
Let b be -4*(-1)/1 - 2. Let s(p) = 4 - p**b + 2*p - 4*p - 2*p. Give s(-6).
-8
Let l be (3/5)/(144/120). Let g(h) be the first derivative of 4*h - l*h**2 + 2. Calculate g(4).
0
Let w(b) = -2*b + 2 + 0*b - 4. What is w(5)?
-12
Let y(a) = -a**3 + 3*a**2 - 3*a + 2. Let w be y(2). Suppose o - 4 + 2 = w. Suppose 2*d = -2*s - 8, 2*d + d + 2 = o*s. Let c(b) = -2*b + 2. What is c(d)?
6
Let p(c) = -3*c**3 - 4*c**2 - 2*c. Let j(b) = 15*b + 14. Let l(h) = -7*h - 7. Let u(d) = 6*j(d) + 13*l(d). Let a be u(-5). Calculate p(a).
12
Let y(k) be the second derivative of k**6/360 - k**5/60 + k**4/4 - 5*k. Let g(n) be the third derivative of y(n). Let z be (-2 + 5)/((-3)/(-2)). Determine g(z).
2
Let n(u) = u**2 + 10*u + 9. Let q be n(-9). Let c(v) = v + q*v + 2*v + 4. Calculate c(-4).
-8
Let j(d) be the third derivative of d**4/24 - d**3/6 + d**2. Give j(4).
3
Suppose 3*h + 18 = h. Let p = 5 + h. Let x be 18/(-4) - (-2)/p. Let r(j) = j**2 + 7*j + 6. What is r(x)?
-4
Suppose 5 = -4*n - 11. Let z(d) be the third derivative of d**5/60 + d**4/24 - 5*d**3/6 + d**2. What is z(n)?
7
Let d = -9 + 14. Let s(w) = -w**3 - w**2 - w - 1. Let t(q) = -6*q**3 - 12*q**2 - 6*q - 15. Let v(j) = d*s(j) - t(j). What is v(-7)?
3
Let n(x) = -x + 12. Let g be n(6). Let v(m) = m**2 - 5*m - 5. What is v(g)?
1
Let s(i) = 6*i**2 + i - 1. Let u be (6 - 1)*(-1 - -2). Suppose -28 = -u*z - 13. Suppose -z = 2*l - 5. Determine s(l).
6
Let z(d) = -d - 2. Let g(c) = -c**3 - c**2 - c - 8. Let b be g(0). Let u be 1 - 3/(9/(-12)). Let a = b + u. What is z(a)?
1
Let d(r) be the second derivative of -1/3*r**3 + 3*r + 0 - 2*r**2. Determine d(-4).
4
Let p(x) = x**3 - 2*x**2 + x - 4. Let a = -8 - -21. Let s be a/5 - 2/(-5). Suppose 0 + s = m. Give p(m).
8
Let g(p) = -1 - 10*p + 0 + 3 - 4. Let s(b) = -b. Let t(j) = 37*j + 9. Let d(f) = -3*s(f) + t(f). Let n(w) = -2*d(w) - 9*g(w). What is n(1)?
10
Let m(o) be the first derivative of o**3/3 - 2*o**2 + o + 1. Suppose 2*b = 4*v, b - 5*b + 12 = -2*v. Give m(v).
-3
Let i(l) = 3*l**3 + 3*l**2 + l**3 - 3*l**3 - 1. Let h = 3 + -1. Let a be (1 + -5)/h + 0. Calculate i(a).
3
Let v(i) = i**2 + 3*i - 19. Let g be v(-6). Let d(o) = 6*o**3 - o**2 - o - 1. Give d(g).
-7
Let w(j) = 2 - 5 + 0 + 3*j**2 + 2. Determine w(-2).
11
Let q(s) = s**2 + 4*s + 4. Let z be q(-4). Suppose o - z = 1. Let j(i) = -2*i + 4. What is j(o)?
-6
Let g be 20/(-6)*12/5. Let k(y) = y**3 + 9*y**2 + 8*y + 8. Determine k(g).
8
Let s(z) = 2*z + 5*z**2 - 4*z + z - 2*z**3 - 2*z**2. Determine s(2).
-6
Suppose -3*k - 14 = -2. Let w = 9 + k. Let g = -6 + w. Let y(p) = 3*p**2 + p. Calculate y(g).
2
Let o be (-4)/22 - (-399)/77. Let j(z) = -z**2 + 4*z + 6. Give j(o).
1
Let i = 0 + 1. Let y(o) = -o**3 - 5*o**2 - 3*o + 3. Let w be y(-4). Let j = w - i. Let g(q) = 5*q + 1. Give g(j).
-9
Let a(l) = l**2 - l - 5. Let u(p) = p**3 - 16*p**2 + 16*p - 15. Let m be u(15). Calculate a(m).
-5
Suppose 0 = -3*d + z + 7 + 13, -3*z + 10 = 5*d. Let u(b) = -4 - 2*b - d + 8. Suppose 1 = -m - 0. Calculate u(m).
1
Let l(k) = 5*k + 1. Let y(t) = -14*t - 3. Suppose 25 + 43 = 4*d. Let u(s) = d*l(s) + 6*y(s). Calculate u(0).
-1
Let z(x) = 2*x**3 - 8*x**2 + x - 11. Let s(d) = -d**3 + d**2 + d + 1. Let w(g) = s(g) + z(g). Give w(7).
4
Let m(i) be the second derivative of i**3/6 - 3*i**2/2 + 6*i. Determine m(2).
-1
Let s(x) = -x - 1. Let p(l) be the first derivative of 3*l**2/2 + 4*l + 2. Let d(u) = p(u) + 2*s(u). Suppose 2*y + 5 = -3. Determine d(y).
-2
Let k = -3 - -10. Let h(f) = -k*f**2 + 3 - 2 + f**2. Let j = -9 + 8. Determine h(j).
-5
Let d(r) = -4*r - 4. Suppose t - 12 + 3 = 0. Let m be (-50)/18 - 2/t. Give d(m).
8
Let b(j) = -j + 1. Let k(p) = p**2 - 6*p - 2. Let g(o) = 2*b(o) - k(o). Determine g(6).
-8
Suppose -2*v - 5*t + 4 = 0, -3*v + 1 = 3*t + 2*t. Let l(b) be the third derivative of b**6/120 + b**5/15 - b**4/24 - b**3/6 - 2*b**2. Calculate l(v).
11
Let g = 0 + -2. Let m be -3 + 0*(1 + g). Let f(v) = v + 2. Determine f(m).
-1
Let r(v) = 48 + 3*v - 86 + 40. Give r(2).
8
Suppose 0 = b - 5*b - 312. Let n be (-6)/21 + b/21. Let v(k) = k + 4. Give v(n).
0
Let p(b) = -b - 1. Suppose 13 = 2*h - 9. Let z(t) = -8*t - 9. Let m(r) = 23*r + 26. Let g(v) = -3*m(v) - 8*z(v). Let y(o) = h*p(o) - 2*g(o). Determine y(-1).
2
Let c(a) be the first derivative of -2*a**3/3 + 5. Calculate c(-2).
-8
Let o(z) = -z**2 + 2*z - 5. Suppose -7 = -4*h + 9. What is o(h)?
-13
Let w(q) be the third derivative of q**4/24 - 5*q**3/6 - q**2. Let v = 38 + -35. Determine w(v).
-2
Let w(x) be the second derivative of -3*x - x**3 + 3/2*x**2 + 0 + 1/20*x**5 - 1/3*x**4. Calculate w(5).
-2
Let g(w) = -w**3 - 11*w**2 + 12*w + 8. Let y be g(-12). Let j(m) = m - 10. Determine j(y).
-2
Let r(v) be the third derivative of v**5/60 + v**4/6 - v**3/6 + 3*v**2. Give r(-3).
-4
Let m(c) be the third derivative of 0 - 5/12*c**4 - c**2 + 0*c + 1/120*c**5 + 1/6*c**3. Let n(a) be the first derivative of m(a). Determine n(0).
-10
Let u(x) = -3*x + 2 - 4*x**2 - 2*x + 3*x**2. Determine u(-3).
8
Let f(p) = -p**2 - p + 7. Let d be f(0). Let g(x) = -x + 11. Give g(d).
4
Let c(k) be the first derivative of k**3/3 + k**2 - 7*k + 1. Give c(-5).
8
Let i(u) = u + 14. Let y be i(-8). Let n(c) = -c**3 + 6*c**2 + 6. Give n(y).
6
Let o be 111/(-18) - 4/(-24). Let k(j) = -j**2 - 6*j + 2. What is k(o)?
2
Let x be ((-2)/(-4))/((-1)/14). Let v(k) = 12*k + 3. Let j(m) = -8*m + 3. Let a(g) = -1. Let z(s) = 5*a(s) + j(s). Let o(w) = x*z(w) - 5*v(w). Give o(-1).
3
Let k(o) = -6*o - 3*o + 12*o - o - 4. What is k(2)?
0
Let c(b) be the second derivative of -b**4/12 - 4*b**3/3 - 3*b**2 - 196*b. Let k be (-7 + 0)*(2 - 1). What is c(k)?
1
Let y(f) = 2 - f + 3 - 2. Suppose 6 = 3*k + w, 5*w + 16 = 1. Calculate y(k).
0
Let g be ((-4)/(-1) + -4)*-1. Let q(u) = u**3 - u**2 - u + 22. Calculate q(g).
22
Let m be 1/(2/6*-3). Let d(w) = 5*w**2 + 2*w + 1. Give d(m).
4
Let c(o) = o**3 + 8*o**2 + o + 14. Let k be c(-8). Let p(l) = -l**3 + 5*l**2 + 6*l - 1. Determine p(k).
-1
Suppose 5*g - z = -6, g + 4*z = -g + 2. Let q(p) = -3*p**3 - p**2 + 1. Determine q(g).
3
Let r(n) = n**2 - 6*n - 1. Let t(x) = x. Let g(y) = r(y) + 6*t(y). Let d be (-56)/(-9) - (-6)/(-27). Suppose 5 = -z + 3*q - 0*q, q = -4*z + d. Calculate g(z).
0
Let a = 131 - 128. Let h(f) = -f**3 + 5*f**2 - 2*f - 3. Calculate h(a).
9
Let n(h) = 4*h - 14. Suppose 0 = -2*g + w - 0*w - 7, -3*g - 4 = 5*w. Let z(v) = -v + 3. Let a(d) = g*n(d) - 14*z(d). Calculate a(2).
4
Let n(a) = a + 3*a + 3 + 198*a**2 - 197*a**2 + 4*a. Give n(-5).
-12
Let n(a) be the first derivative of -a**4/4 - 4*a**3/3 + a**2 - 36. Determine n(-4).
-8
Let x be -3 + (-964)/(-240) + -1. Let n(b) be the third derivative of 0*b - x*b**5 + 1/6*b**3 + 0*b**4 - b**2 + 0. Calculate n(-2).
-3
Let p(o) = -7*o**2. Let q = -3 - -6. Suppose -5*l + z + 9 = 0, 4 - q = z. Suppose -3*i - 7 = l*u, -2*u = -2*i - u. What is p(i)?
-7
Let q(c) = 2*c + 14. Let y be q(-6). Let k(p) = -p**2 + 1 + 7*p**2 - 2 + 2*p + 0*p**y. What is k(1)?
7
Let i(r) = -7*r + 9. Let a(y) = 4*y - 4. Let o(z) = 5*a(z) + 3*i(z). Calcula